{"id":15668,"date":"2019-10-07T15:17:01","date_gmt":"2019-10-07T22:17:01","guid":{"rendered":"https:\/\/www.pcc.edu\/library\/?page_id=15668"},"modified":"2024-04-19T10:47:31","modified_gmt":"2024-04-19T17:47:31","slug":"multas","status":"publish","type":"page","link":"https:\/\/www.pcc.edu\/library\/help-in-your-language\/help-in-spanish\/multas\/","title":{"rendered":"Multas (Library Fines)"},"content":{"rendered":"<p>Las multas bibliotecarias se acumulan por art\u00edculos que se devuelven tarde o que no han sido devueltos transcurrida la fecha de vencimiento. El monto de la multa es determinado por el tipo de art\u00edculo prestado. Las multas ayudan a garantizar que los art\u00edculos se devuelvan a tiempo y que est\u00e9n disponibles para cuando los necesiten los estudiantes, docentes, personal y miembros de la comunidad de PCC. Consulte <a href=\"https:\/\/www.pcc.edu\/library\/help-in-your-language\/periodos-de-prestamo-y-multas\/\">Per\u00edodos de pr\u00e9stamo y multas<\/a> para m\u00e1s detalles.<\/p>\n<p><a href=\"https:\/\/alliance-pcc.primo.exlibrisgroup.com\/primo-explore\/account?vid=PCC&amp;lang=en_US&amp;sortby=rank&amp;section=fines\">Consulte el importe de sus multas al iniciar sesi\u00f3n en su cuenta biblioteca<\/a>ria.<\/p>\n<p><b>Pago de multas<\/b><\/p>\n<p>Puede <a href=\"https:\/\/secure.touchnet.net\/C21249_ustores\/web\/store_main.jsp?STOREID=24&amp;SINGLESTORE=true\">pagar sus multas en l\u00ednea<\/a> con tarjeta de cr\u00e9dito MasterCard o Visa.<\/p>\n<p>Si prefiere utilizar otro m\u00e9todo de pago, ac\u00e9rquese a un mostrador de la biblioteca y solicite un estado de cuenta impreso de sus multas. Luego visite la <a href=\"https:\/\/www.pcc.edu\/enroll\/paying-for-college\/tuition\/contacts.php\">Oficina de Cuentas Estudiantiles<\/a> en su campus para pagar en efectivo o con cheque. Deber\u00e1 presentar un recibo de Cuentas Estudiantiles en la biblioteca para rectificar sus multas.<\/p>\n<p>&nbsp;<\/p>\n<p><b>Donaciones de art\u00edculos para reducir multas<\/b><\/p>\n<p>Puede donar art\u00edculos con el fin de reducir las multas vencidas. Obtenga m\u00e1s informaci\u00f3n en <a href=\"https:\/\/www.pcc.edu\/library\/help-in-your-language\/donacion-de-articulos-para-reducir-multas\/\">Donaci\u00f3n de art\u00edculos para reducir multas<\/a>.<\/p>\n<p><b>Apelar multas<\/b><\/p>\n<p>Complete y entregue el formulario <a href=\"https:\/\/www.pcc.edu\/library\/library-account-questions\/\">Preguntas sobre su cuenta bibliotecaria<\/a> para apelar sus multas en caso de que haya factores especiales que justifiquen su reducci\u00f3n o cancelaci\u00f3n, o en caso de que las multas se hayan establecido por error.<\/p>\n<p>Las apelaciones deben realizarse dentro de 60 d\u00edas posteriores a la multa original. Los clientes pueden esperar una respuesta en un lapso de tres d\u00edas h\u00e1biles o antes.<\/p>\n","protected":false},"excerpt":{"rendered":"<p>Access information about how to use PCC library in Spanish.<\/p>\n","protected":false},"author":79,"featured_media":0,"parent":16024,"menu_order":0,"comment_status":"closed","ping_status":"closed","template":"","meta":{"_acf_changed":false,"footnotes":""},"class_list":["post-15668","page","type-page","status-publish","hentry","translations-spanish"],"acf":[],"_links":{"self":[{"href":"https:\/\/www.pcc.edu\/library\/wp-json\/wp\/v2\/pages\/15668","targetHints":{"allow":["GET"]}}],"collection":[{"href":"https:\/\/www.pcc.edu\/library\/wp-json\/wp\/v2\/pages"}],"about":[{"href":"https:\/\/www.pcc.edu\/library\/wp-json\/wp\/v2\/types\/page"}],"author":[{"embeddable":true,"href":"https:\/\/www.pcc.edu\/library\/wp-json\/wp\/v2\/users\/79"}],"replies":[{"embeddable":true,"href":"https:\/\/www.pcc.edu\/library\/wp-json\/wp\/v2\/comments?post=15668"}],"version-history":[{"count":6,"href":"https:\/\/www.pcc.edu\/library\/wp-json\/wp\/v2\/pages\/15668\/revisions"}],"predecessor-version":[{"id":34111,"href":"https:\/\/www.pcc.edu\/library\/wp-json\/wp\/v2\/pages\/15668\/revisions\/34111"}],"up":[{"embeddable":true,"href":"https:\/\/www.pcc.edu\/library\/wp-json\/wp\/v2\/pages\/16024"}],"wp:attachment":[{"href":"https:\/\/www.pcc.edu\/library\/wp-json\/wp\/v2\/media?parent=15668"}],"curies":[{"name":"wp","href":"https:\/\/api.w.org\/{rel}","templated":true}]}}